57, w = 2*u + v. List the prime factors of u.
3, 5, 29
Suppose 250*v - 255*v + 775 = 0. Suppose 5*w - 4*x = 772, 0 = -2*w + w + x + v. List the prime factors of w.
2, 19
Suppose -60030 = -174*n + 172*n. What are the prime factors of n?
3, 5, 23, 29
Let c(x) = 60*x**3 - 3*x**2 + 3. Let t(j) = 2*j**2 - j**3 - 5*j**2 + 4*j**2 + 1 - 2*j**2. Let w(k) = -c(k) + 2*t(k). What are the prime factors of w(-1)?
2, 31
Let u(l) be the third derivative of 0*l**4 + 3/2*l**3 + 1/6*l**5 + 0 - 6*l**2 + 1/120*l**6 + 0*l. What are the prime factors of u(-9)?
2, 3, 5
Suppose 6*f = f + 4*g + 203690, 0 = 6*f + 2*g - 244462. What are the prime factors of f?
2, 13, 1567
Let h = 7 + -6. Let s be (29 + h)/(5/2 - 1). What are the prime factors of (4/2 + -347)*(-8)/s?
2, 3, 23
Suppose m + 88 = 360. Suppose -h + m = -727. What are the prime factors of h?
3, 37
Suppose -2*l + 5422 = d - 7332, -d = l - 6380. What are the prime factors of l?
2, 3187
Suppose 0 = 37*p + 2794 - 75758. Suppose 2*n - p = -6*u + u, 4901 = 5*n - 2*u. List the prime factors of n.
3, 109
Suppose -128*z + 4074462 = 365790. What are the prime factors of z?
2, 3, 11, 439
List the prime factors of (-23 - -25)/((-3)/(-57306)).
2, 9551
Suppose -1348 = -7*h + 3*h + 5*s, -s + 1685 = 5*h. Suppose 0 = 350*m - h*m - 6097. What are the prime factors of m?
7, 67
Suppose 3*o - 39*o + 702594 = 45*o. List the prime factors of o.
2, 4337
Let x be (-46)/(-115) + ((-36)/(-10) - 1). Suppose -c = 5*b - 890, -x*c = 3*b - 776 + 242. Let d = -73 + b. List the prime factors of d.
3, 5, 7
What are the prime factors of 3/(-30) + 2/4 + (-72543)/(-5)?
11, 1319
Suppose h + 2*r + 4 = 2*h, -5*r = -10. Suppose -4*d + 20 = -3*q + h*q, 4*q - 4*d = -20. Suppose -4*b - 90 + 254 = q. What are the prime factors of b?
41
Suppose 7*u - 3*d = 3*u + 65, 5*u - 3*d - 82 = 0. Suppose -2*x + u = -3*i + 52, -25 = x + i. List the prime factors of ((-72)/6)/(4/x).
2, 3, 11
Suppose -6*h - 5 = -29. Suppose h*r = 3*r + 352. What are the prime factors of r?
2, 11
What are the prime factors of 363/(-66) + 630261/18?
13, 2693
Let t(x) = -19*x - 1. Let u be t(-10). Let c = -1 + u. What are the prime factors of c?
2, 47
Let s(j) = -4*j**2 + 7*j + 11. Let l(z) = -3*z**2 + 6*z + 12. Let c(h) = 5*l(h) - 4*s(h). Let y = 480 + -493. What are the prime factors of c(y)?
3, 53
Let s(y) = -y**2 - 13*y + 15. Let r(t) = -t**2 + 6*t + 6. Let h be r(8). Let w be s(h). Let j = 36 + w. What are the prime factors of j?
3
Suppose 174*r - 396707 - 154699 = 0. What are the prime factors of r?
3169
Let o = 35525 - 9611. What are the prime factors of o?
2, 3, 7, 617
What are the prime factors of (-154)/(-10 - -3) - -18449?
3, 47, 131
Let q(u) be the first derivative of -7 + u + 1/3*u**3 - 4*u**2. What are the prime factors of q(-8)?
3, 43
Let n = 32 + -25. List the prime factors of 6/((-18)/(-15)) + n*45.
2, 5
Suppose -8082608 = -403*s + 4484300 + 1263649. List the prime factors of s.
34319
Suppose -5*l + 14*l = 2862. Let r = 486 - l. What are the prime factors of r?
2, 3, 7
Let o(z) = z - 50. Let n be o(15). Let q be 42/n*1*-5. Suppose q*t - 7*t + 65 = 0. List the prime factors of t.
5, 13
Suppose -559*k - 677088 = -595*k. List the prime factors of k.
2, 2351
Let w = 1922 + 1136. Suppose 8*i + 290 - w = 0. What are the prime factors of i?
2, 173
Let a(t) = 7*t**2 - 18*t + 62. Let f = 158 + -153. What are the prime factors of a(f)?
3, 7
Let i be 1/(-3) - 7/(-21). Suppose 22*t - 21*t - 755 = i. Suppose 745 = 5*d - 5*a, 3*d - 3*a - t = -2*d. What are the prime factors of d?
2, 7, 11
Suppose 0 = 336*q - 330*q - 82506. What are the prime factors of q?
13751
Let k(a) = 5*a**2 - 29*a - 1. Let u be k(6). Suppose 0 = -4*t + d + 6479, u*d - 6671 - 1409 = -5*t. What are the prime factors of t?
1619
Let l(r) = 150*r + 10408. List the prime factors of l(125).
2, 61, 239
What are the prime factors of (-606294)/39*(-56)/48?
7, 2591
Suppose 0 = -0*l - l + f, 0 = -5*l - 3*f + 16. Suppose l*k = 17*k - 3000. What are the prime factors of k?
2, 5
Let d(q) = -8*q + 38 - 89 - 94 - 9*q. List the prime factors of d(-26).
3, 11
Let w(j) = j + 154. Let t be w(-41). Let h = t - -155. What are the prime factors of h?
2, 67
Suppose 0 = 12*z - 9*z. Suppose z = -29*s + 30*s - 2. Suppose q = 5*x - 885, -s*q = 5*x + 114 - 984. List the prime factors of x.
2, 11
Suppose 2*g - g - 5*y - 16 = 0, -3*g = -y + 22. Let x be (18/g)/(4/(-2)*-1). What are the prime factors of 74 + (-3 + 5/1 - x)?
7, 11
Let x be (-15)/(151/(-37) - -4). Let t = 94 - x. Let k = 253 + t. What are the prime factors of k?
2, 3
Let n(z) = 5*z**2 - 11*z + 28. Let p(v) = 4*v**2 - 11*v + 27. Let c(b) = 3*n(b) - 4*p(b). Let x be c(4). Suppose 87 = x*f + 19. What are the prime factors of f?
17
Let r(d) be the second derivative of d**5/20 + 5*d**4/4 - 11*d**3/3 + d**2 + 2*d + 8. What are the prime factors of r(-15)?
2, 83
Let z(g) = -g**3 - 64*g**2 + 368*g - 345. What are the prime factors of z(-75)?
2, 3, 5, 13, 29
Suppose -191*u + 94290 = -185*u. What are the prime factors of u?
5, 7, 449
Let z = 2613 - 1799. Let b = 1461 - z. What are the prime factors of b?
647
Let a(q) = -2*q - 20. Let m(d) = d + 9. Let j(o) = 4*a(o) + 9*m(o). Let u(n) = 30*n + 45. Let l(p) = -45*j(p) + u(p). List the prime factors of l(-8).
2, 3, 5
Let d be (-9)/((-8)/(-3) + -3). Let t be 6/d - (-128)/72. Suppose 0 = -2*w - w + 12, 146 = 2*k + t*w. What are the prime factors of k?
3, 23
Suppose -5*k = 4*v - 13056 - 5315, -4*k - 4 = 0. What are the prime factors of v?
2, 2297
Let w(q) = 86*q + 3328. List the prime factors of w(-6).
2, 19, 37
Suppose 0 = 267*m - 276*m + 42399. Suppose -m = -13*u - 980. What are the prime factors of u?
7, 41
Let u(o) = 5*o + 16. Let t be u(8). Suppose 0 = -5*p - k - 167 + 6, -2*k = -5*p - 173. Let z = t + p. List the prime factors of z.
23
Let z be ((-162)/8)/(138/(-48) + 3). List the prime factors of (z/10)/(2/(-20)).
2, 3
Let x(m) = -601*m - 117. Let w be x(-9). Suppose -37*p = -46*p + w. List the prime factors of p.
2, 3, 7
Let k(g) = 2300*g**3 - 3*g**2 - 4*g - 2. Let v be k(-1). List the prime factors of (v/6)/((-4)/8).
13, 59
Let k be 0/((-4)/(0 - 4)). Suppose 8*v + v - 5787 = k. What are the prime factors of v?
643
Let q(n) = -4*n**2 + 118 + n**2 + 2*n**2 + 155 - n**3. Let t be q(0). Let a = t + -133. List the prime factors of a.
2, 5, 7
Let m = -12097 + 21613. List the prime factors of m.
2, 3, 13, 61
Let y = 102 - 46. Let g(d) = -d**3 + 7*d**2 + d - 3. Let a be g(7). Suppose -221 = -a*f + 3*p, 3*p - 94 = -3*f + y. What are the prime factors of f?
53
Let m = -7135 - -12815. List the prime factors of m.
2, 5, 71
Let g be (-12)/3 + 2 - (-12 + -1289). Suppose -3*o + 4*j = 6*j - 957, -5*j - g = -4*o. What are the prime factors of o?
3, 107
Let f(n) = -n**2 + 28*n - 75. Let x be f(25). Suppose -13*b + 18372 + 2558 = x. List the prime factors of b.
2, 5, 7, 23
Let h(q) = 288*q + 46. Let g be h(3). Suppose 0*n - g = -3*n + 2*s, 1244 = 4*n + 5*s. What are the prime factors of n?
2, 3, 17
Suppose 2*t - 6*t = 5*w - 2707, -5*t + 3392 = -2*w. What are the prime factors of t?
2, 3, 113
Let g be 8/32*12 + 949. Let x = g - 169. What are the prime factors of x?
3, 29
Suppose 84847 + 166987 = 22*h. What are the prime factors of h?
11447
Suppose 19213 = 5*g + i, g + 549*i = 552*i + 3865. List the prime factors of g.
2, 31
Let i(m) = -m**3 + 12*m**2 + 11*m + 34. Let l(q) = -2*q**3 + 25*q**2 + 22*q + 68. Let g(d) = -5*i(d) + 3*l(d). What are the prime factors of g(11)?
3, 71
Let x = 5 + -8. Let o(p) = -10*p - 7. Let z(u) = 120*u + 85. Let r(s) = x*z(s) - 35*o(s). What are the prime factors of r(-6)?
2, 5
Let y = 203 - 2. Suppose n - 58 = -y. Let r = n + 300. List the prime factors of r.
157
Let t(g) = g**3 + 36*g**2 + 31*g - 7. List the prime factors of t(-32).
19, 163
Let m = 56 - 170. List the prime factors of (-19)/m + (-1733)/(-6).
17
Suppose -5*w = n - 11, -5*w = -5*n + 8*n - 3. Suppose 2*x + 5*u - 157 - 173 = 0, 3*x - w*u - 474 = 0. List the prime factors of x.
2, 5
Let s(f) = 15*f + 453. Let l be s(0). Suppose 444*i + 7947 = l*i. List the prime factors of i.
883
Let u(a) = 2*a**3 - 61*a**2 - 286*a + 167. What are the prime factors of u(47)?
2, 3, 19, 523
Suppose -2*q = -5*q - 174. Let o = -52 - q. What are the prime factors of -13 + 6 - -42 - o/2?
